der when ((-25)/10)/(p/(-2)) is divided by 2?
1
Suppose 25 = -5*y, -y - 1 = -2*n + 12. Suppose 3*b + p + 44 = 8*b, -n*b + 3*p + 44 = 0. Suppose 5*q = 17 + 98. What is the remainder when q is divided by b?
7
Let z = 97 - 57. Calculate the remainder when z is divided by 21.
19
Let r(q) be the first derivative of -q**2 + 3*q + 3. Let t be r(6). Let v = t - -13. Calculate the remainder when 14 is divided by v.
2
Suppose -o + 44 = -17. What is the remainder when o is divided by 16?
13
Let y(j) = 4*j**2 - 2*j - 2. What is the remainder when 9 is divided by y(-1)?
1
Suppose -4*h - 2*d + 42 = 0, 4*h = -h - d + 48. What is the remainder when 22 is divided by h?
4
Let v(r) = -2*r. Let x be v(-2). Suppose x*l - 40 = -l. Calculate the remainder when 21 is divided by l.
5
Let a(u) = u**2 + u. Let l be ((-1)/(-4))/((-6)/(-24)). What is the remainder when 7 is divided by a(l)?
1
Calculate the remainder when 82/4 - 6/(-12) is divided by 6.
3
Let r = 71 - 38. Suppose -3*n - 3*s + 27 = 0, -n + 5*s + 0*s = -r. Calculate the remainder when (-4)/(-6) + 365/15 is divided by n.
12
Let k(i) = i**3 - 15*i**2 + 17*i - 7. Calculate the remainder when 68 is divided by k(14).
33
Let o(z) = -15*z + 4. What is the remainder when o(-3) is divided by 17?
15
Let w = 3 + -28. Let c = 63 + w. Calculate the remainder when c is divided by 10.
8
Suppose 6*g - 3*g + 6 = q, -2*g = -q + 9. Let c be 150/35 + 4/(-14). Suppose 5*r = 5*w + 25, c*r + 3*w - 38 = w. What is the remainder when q is divided by r?
7
Suppose 0*m + q - 9 = 2*m, 3*m - q = -15. Calculate the remainder when (14/(-4) + 3)*m is divided by 3.
0
Suppose 4*v + 25 = 173. Let r be -1 + 1 - (4 - 2). What is the remainder when v is divided by (-20)/(-1) - (-1 - r)?
18
Calculate the remainder when (-8)/(-12)*-3 - -18 is divided by 9.
7
Suppose -78 = -3*a - 30. Let t = 115 + -68. What is the remainder when t is divided by a?
15
Suppose 4*v - 7*v - 71 = -4*t, 0 = 3*t - v - 47. What is the remainder when 13 is divided by (-3)/(2/t*-3)?
6
Let z(u) = -u**2 + 11*u + 25. Calculate the remainder when z(12) is divided by 4.
1
Let s = -57 + 75. Calculate the remainder when 177 is divided by s.
15
Suppose 2*i + i = 18. Let u be ((-3)/i)/(1/(-10)). Suppose l + 2*k = 10, -2*l = k - 6 - u. What is the remainder when 7 is divided by l?
3
Let l = -2 + 5. Suppose -s = s + 2*t - 12, -19 = -l*s - 2*t. What is the remainder when 13 is divided by s?
6
Let z = -15 - -46. What is the remainder when 92 is divided by z?
30
Let y = -18 + 23. What is the remainder when 8 is divided by y?
3
Let b(x) = -x**2 - 13*x + 20. Let j(k) = -k**3 + 4*k**2 + 2*k + 3. What is the remainder when j(4) is divided by b(-14)?
5
Suppose j + 2 + 8 = 0. Let u = j - -12. What is the remainder when 24 + u + 6/(-2) is divided by 12?
11
Let m be 9/(-6)*(1 + -3). Calculate the remainder when 49 is divided by 10/m*30/4.
24
Suppose -4*z = -4*d - 156, -3*z + 2*d = -2*z - 43. Suppose 5*v = -q + 88, 0 = -2*v - 4*q - 7 + z. What is the remainder when v is divided by 10?
8
What is the remainder when (112/10)/((-10)/(-50)) is divided by 29?
27
Suppose -6*n - 381 = -45. What is the remainder when 9 is divided by n/(-10) - 22/(-55)?
3
Let t(z) be the third derivative of z**5/60 - z**4/6 - z**3/2 + 2*z**2. Let r be t(4). Calculate the remainder when 21 is divided by r/(3/(-11))*1.
10
Calculate the remainder when (-4)/30 - 422/(-15) is divided by 10.
8
What is the remainder when 16/(-10)*75/(-2) is divided by 21?
18
What is the remainder when (10/4)/(11/66) is divided by 8?
7
Suppose 0*h - 5*h + 305 = -2*s, -5*s = 0. What is the remainder when h is divided by 31?
30
Let u be 8/20 - 42/5. Let q be u/12*3/1. Let h = 17 - q. Calculate the remainder when 36 is divided by h.
17
Suppose a + 2 = -3, 5*s - 2*a - 80 = 0. What is the remainder when (11*5)/(-1 + 2) is divided by s?
13
Let t = -85 + 120. Let y = -21 + t. Suppose -2*o = i - 9, 2*o - i - 2 = 5. Calculate the remainder when y is divided by o.
2
Suppose -2 = 4*i - 18. Suppose 75 = 4*f + 3*j, 5*f - 78 = i*j + 39. Let l(t) = -t**2 + 8*t - 4. What is the remainder when f is divided by l(5)?
10
Suppose 0 = -10*p + 7*p + 33. Calculate the remainder when 41 is divided by p.
8
Suppose 44 = 3*d - 25. Calculate the remainder when 109 is divided by d.
17
Let t(s) = 13*s. Let g(z) = z + 7. Let a be g(-6). Calculate the remainder when t(a) is divided by 4.
1
Suppose 3*b + 7 - 16 = 0. Calculate the remainder when b is divided by ((-8)/(-14))/((-2)/(-7)).
1
Let l(c) = c**3 + 9*c**2 - 3*c - 14. Suppose 16 = 2*h - 2*b, -2*h + b = 3*h - 40. Calculate the remainder when l(-9) is divided by h.
5
Suppose -2 = 5*b - 37. Calculate the remainder when b is divided by 5.
2
Suppose 29 = 4*t + 9. Suppose 0 = f - 4 + 7, 25 = 5*z - t*f. Suppose -2*d = 5*r - 163, r = z*r + d - 35. What is the remainder when r is divided by 11?
9
Suppose -64 = -q - q. Calculate the remainder when q is divided by 19.
13
Let l = 8 + -14. Let m = 12 + l. Suppose -m = 3*z - 18. Calculate the remainder when 10 is divided by z.
2
Let k = 54 - 11. Let g = -24 - -35. Calculate the remainder when k is divided by g.
10
Let l = -1 + 5. Let g = 0 + -1. Let k(b) = 5*b**2 - 2*b - 1. What is the remainder when k(g) is divided by l?
2
Suppose -5*r - 15 = -50. Suppose -5*c = 2*z + 130, -4*c - 2*z = -z + 104. Calculate the remainder when r is divided by 2/5 - c/10.
1
Let x(i) = -2*i - 9. Let a be x(-6). Suppose h - 12 = -a*h. Suppose -h*r = -8*r + 5*d + 20, 5*d = 4*r - 18. Calculate the remainder when 4 is divided by r.
0
Suppose -4*o + 66 = 5*j - 20, -40 = -2*j - 3*o. What is the remainder when 24 is divided by j?
10
Suppose 0 = -2*i + 8, 5*a + 2*i + i - 122 = 0. What is the remainder when a is divided by 12?
10
Let g = 7 - 7. Let l be (1 - g) + 0/3. Let y = 12 - l. What is the remainder when 21 is divided by y?
10
Suppose -34 = 5*c + 16. Let s = c - -15. Suppose -4*f = -2*f - 28. Calculate the remainder when f is divided by s.
4
Let w(p) = p**2 - p + 3. Let m be w(0). Suppose -m*u + 5*y = -u - 19, -4*u = -5*y - 33. Calculate the remainder when ((-2)/(-3))/(4/78) is divided by u.
6
Let g = 23 + -21. Suppose i + 24 = g*i. Calculate the remainder when 46 is divided by i.
22
Suppose 0 = 2*w - 57 - 7. Calculate the remainder when 95 is divided by w.
31
Let v(y) = -3*y - 5. Calculate the remainder when 34 is divided by v(-5).
4
Suppose 3*t - 2 = 28. What is the remainder when (-92)/(-5) + 4/(-10) is divided by t?
8
Let d(c) = 24*c - 1. What is the remainder when d(1) is divided by 13?
10
Let c = 36 + -27. Let z be (-1 - 1)/((-3)/48). Suppose -v = v - 5*g - 39, -2*g = 2*v - z. Calculate the remainder when v is divided by c.
8
Suppose 3*o - 11 = 5*s, -4 = -3*s + 2. Let r = 4 - -16. Calculate the remainder when r is divided by o.
6
Suppose x - 60 = -4*o + 5*x, 4*o + 3*x - 74 = 0. Calculate the remainder when 81 is divided by o.
13
Let a = -7 + 12. Suppose 2*t = -5*y + 2*y + 32, -3*t + 13 = 2*y. What is the remainder when y is divided by a?
4
Calculate the remainder when 35 is divided by 16/(-6)*1/(4/(-30)).
15
What is the remainder when 50 is divided by 0 + -3 + 3*22/3?
12
Suppose 20 = 4*p - v - 11, -4*v = 5*p - 23. What is the remainder when p is divided by (-2 - (-12 - -3)) + -3?
3
Suppose -3*y + 11 = -0*y + 2*h, -3*y = -2*h - 7. Suppose -t + 5*w = -29, -7*t + y*t + 26 = -2*w. Calculate the remainder when t is divided by 3.
1
Suppose -259 = 3*n - 5*w, w + 190 = -2*n - 0*w. What is the remainder when n/(-6) - 1/(-2) is divided by 9?
7
Let y(u) = -u**2 + 19. Suppose -7*j = -3*j. Suppose -5*z + 2*m = -0*z - 44, 2*m = 2*z - 14. What is the remainder when y(j) is divided by z?
9
Let f(b) = -b**3 + 9*b**2 + 12*b - 9. What is the remainder when 74 is divided by f(10)?
8
Suppose 0*n - 4 = -n, 2*n = m + 11. Let a(h) = -h**3 - 3*h**2 - 4*h - 5. Let u(r) = 4*r**2 - 3*r - 1. What is the remainder when u(3) is divided by a(m)?
5
Let t = 8 + -3. Let k(p) = 4*p - 5. What is the remainder when 44 is divided by k(t)?
14
Let p = 3 - -1. Suppose y - 8 = -5*r, 3*y = p*y + 4*r - 11. Calculate the remainder when y is divided by (-105)/(-9) + 2/6.
11
Let t(a) = a - 4. Let y be t(4). Let c be (9/(-90) - (-2)/(-5))*-6. Suppose -26 = -u - 4*r, 3*r + y*r + 18 = c*u. What is the remainder when u is divided by 3?
1
Let l = -12 - -1